*w + 36. Is m(j) a prime number?
True
Suppose -92361 + 15259 = -4*v + 2*l, 2*v + 3*l - 38531 = 0. Let q = v + -10940. Is q a prime number?
False
Suppose 90*o - 1448282 = 3574478 + 1148270. Is o composite?
False
Let b(s) = 16187*s**2 + 25*s + 85. Is b(-4) composite?
False
Let y(h) = -292*h**3 - 56*h**2 - 334*h + 11. Is y(-7) a prime number?
True
Let b be (-10)/(-65) + 6/(-39). Suppose b = 6*y - 7097 - 1297. Is y a composite number?
False
Let z = -174401 - -250234. Is z prime?
True
Suppose 0 = -531*a + 517*a + 312452. Is a a prime number?
False
Let m = 14 + -10. Let g be (0 - -1 - -4219)*m/(-10). Is ((-6)/(-4))/((-4)/g) a prime number?
False
Suppose -152*o + 150*o - w = -578441, 5*w = 3*o - 867694. Is o a prime number?
False
Let p(r) = 221*r + 122. Suppose 0 = -5*f - 2*y + 29, 0 = -4*f + 3*f + 2*y + 1. Is p(f) prime?
False
Let c(q) = q - 4. Let w be c(4). Suppose w = 5*i - 25, 5*h + 2*i - 4*i - 5365 = 0. Let g = h + -702. Is g a prime number?
True
Suppose -78*r + 1309170 = -10486146. Is r a prime number?
False
Suppose -5109060 - 57143094 = -83*l - 13523435. Is l a prime number?
False
Let i(s) = -s**2 + 3*s + 8. Suppose 4*z + 0 = -5*o + 3, -4*o + 12 = 0. Let j be i(z). Is (-4395)/(-10)*j/(-15) a prime number?
True
Let u(w) = -18993*w**3 + 2*w**2 + 13*w + 12. Let d be u(-1). Is (5 + -12 + d)/3 a composite number?
False
Let r(q) = 130*q**2 + 5. Let i be 5 + 5 + -11 + -5. Is r(i) prime?
False
Suppose -5*o + 8 = g, 4*g - o = g + 24. Suppose 17216 = g*p - 0*p. Let k = p - 1505. Is k composite?
False
Suppose -22*f + 19*f = 234. Let q = -71 - f. Suppose -2*o - 1295 = -q*o. Is o a composite number?
True
Suppose 3*j = -13 + 4, -3745 = -l - j. Let h = -851 + l. Is h a composite number?
False
Is (-2)/(88/(-22))*549778 prime?
True
Let l(b) = 156*b + 63. Let q(m) = -156*m - 64. Let i(a) = -5*l(a) - 4*q(a). Is i(-11) a composite number?
False
Suppose 3*c = 5*n + 94, -5*c = 3*n + 35 + 35. Let k(w) = -128*w + 78. Is k(n) prime?
False
Is 31764 + 5 + 4 - 4 prime?
True
Let s = -177024 + 373562. Is s prime?
False
Suppose 3*o = 2*o + 3*y - 5, -2*o - 4*y - 10 = 0. Let f = o - -7. Is 2689 - (-2 - -6) - f*1 composite?
False
Let w = -309609 + 500986. Is w prime?
False
Suppose 3*p + 3*h = 19 + 2, -h + 15 = 5*p. Is 80770/p - (-47 - -45) prime?
True
Suppose -11*j - 266153 + 1144954 = 0. Suppose -j = -7*l + 231252. Is l a composite number?
False
Is (-11)/22*(-60684 - -2) composite?
False
Let a(h) = -3*h**3 - 3*h**2 + 6*h - 11991. Let m(f) = 14*f**3 + 14*f**2 - 25*f + 47963. Let x(r) = -9*a(r) - 2*m(r). Is x(0) prime?
False
Let j = -1479 + 12. Let p = -398 - j. Is p composite?
False
Let l = -9778 + 3207. Let m = -4816 + 1034. Let f = m - l. Is f composite?
False
Let f = 42 + -37. Let x(n) = n**2 - 5*n + 1. Let z be x(f). Is (1/z)/(-2)*-1658 prime?
True
Suppose -83*c + 2837757 = -5289686. Is c a composite number?
True
Suppose 0 = -81*r + 56*r - 165*r + 51820030. Is r a prime number?
True
Let z = 169 - 166. Suppose -2*b - j + 4567 = 0, -z*b + 7*b - 9144 = -4*j. Is b composite?
False
Let k = 734 - 730. Let b(u) = u + 2. Let n be b(-5). Is 2 - k - 561/n composite?
True
Let m(v) = -1424*v**3 - v**2 + 2*v - 1. Let b(j) = -2*j**2 - 3*j + 18. Let z be b(-4). Is m(z) prime?
True
Suppose z = 5*f - 20, 3*z = -6*f + f. Suppose f*x - 100 = 2375. Let s = 2579 - x. Is s a composite number?
True
Let u be 5 - 0 - (39 + -169). Suppose 0 = -u*l + 130*l + 23045. Is l composite?
True
Suppose 4*c + 80730 - 649454 = 0. Is c prime?
False
Suppose 137*n - 76972928 = 14119331. Is n composite?
True
Is (-1*(-2)/(-8))/(8/(-953760)*15) a composite number?
False
Let m(t) = 2*t**3 - 11*t**2 - 19*t - 12. Let h be m(11). Suppose -r - h = -16*r. Is r prime?
False
Let y(n) = 258*n + 3. Let q be y(-2). Let d = 6398 + -7584. Let j = q - d. Is j prime?
True
Suppose -3*x + 9 = -2*r, 0 = 2*r - 4 - 2. Suppose 6*u - u = v - 1, -45 = -x*v + 5*u. Let y = 134 - v. Is y a prime number?
False
Let p = 14600 - -54662. Is p prime?
False
Let t be (-9)/(-21) - (-42161)/(-49)*29. Is (t/(-80)*5)/((-2)/(-4)) composite?
False
Let z = -27815 - -60224. Suppose -10*l + z = -l. Is l prime?
False
Suppose 7*p = 3*w + 2*p - 2, 5*w + 5*p - 30 = 0. Suppose 2*d - d - 3072 = -w*n, 0 = 4*d + 16. Is n a prime number?
True
Is (-112 - -99) + 4911*2 a prime number?
False
Suppose -9*h = -0*h - 163449. Let i = -12308 + h. Let r = -2804 + i. Is r prime?
True
Let c be (3/(-2)*6/9)/(-1). Let v be (37/4 - c) + 1/(-4). Let l(x) = -7*x + 66. Is l(v) a prime number?
False
Suppose 19*c - 17*c = -3648. Let q(w) = -162*w**2 + 5*w + 10. Let u be q(-4). Let p = c - u. Is p prime?
False
Let l(a) = 2*a**2 + 33*a + 30. Let n(o) = 2*o**2 + 34*o + 31. Let v(x) = -4*l(x) + 5*n(x). Let i be v(-18). Is ((-949)/(-2) - i)*(-30)/(-9) a composite number?
True
Suppose -7*n = -15*n + 1021104. Suppose -6*t = -24*t + n. Is t prime?
False
Suppose 5*r + 3*v = -0*v + 30, -5*r = -3*v. Suppose r*y + 50 = -4*a + 7215, 4*y = -5*a + 9555. Is y a composite number?
True
Let j(c) = 49559*c**2 - 7*c - 1. Is j(-2) a composite number?
True
Suppose -d + 349600 = -9*v, -1748301 = -7*d + 2*d + 2*v. Is d composite?
False
Let n = 19 - 10. Suppose -4*h + 1 = -y + 8, 4*y = -3*h + n. Suppose -5*d + 1435 = -5*j, y*j - 4 = j. Is d prime?
False
Suppose 359 = -4*l - k, 4*l + k + 371 = -4*k. Let h = 2126 - l. Is h a composite number?
True
Let d(x) be the second derivative of -3*x**8/2240 + x**7/630 + x**6/360 - x**5/120 + 5*x**4/6 + 10*x. Let t(m) be the third derivative of d(m). Is t(-4) prime?
True
Suppose 5*m = 2*v - 399309, -399420 = -5*v + m + 598772. Is v a composite number?
False
Let v be (-175641)/((-105)/(-14) + -9). Suppose -138248 - v = -6*d. Is d a composite number?
False
Let n = -452 + 261. Let o = n - -864. Is o a prime number?
True
Suppose -7*n + 33 = 4*v - 12*n, -4*n - 28 = -4*v. Suppose -q - 3*j + 6250 = 0, q + v*j - 6347 + 98 = 0. Is q a composite number?
False
Suppose -3*m + 11 = 5*n - n, 4*m = -2*n - 2. Let u be 45681/n + (-2)/10. Suppose q + 4567 = 2*q - 2*c, 0 = -2*q + 3*c + u. Is q a prime number?
False
Let s be ((-1)/2 + 14/(-4))/(-1). Suppose 2*u + s*h - 3850 = 0, h - 930 = -5*u + 8677. Is u a prime number?
False
Let y = 20216 + -2929. Is y composite?
True
Let c(g) = 3592*g**2 + 84*g - 35. Is c(4) a composite number?
False
Let y(w) = 775*w**2 - w - 2. Let h be y(-1). Suppose l + 2*m = 74 + 189, -m = 3*l - h. Is l a prime number?
True
Let g(u) = 1016*u + 34. Let l be g(3). Suppose 7*j - 6*j - s = l, -5*j + 15383 = 4*s. Is j a composite number?
False
Let x(w) = 13*w**2 - 3*w - 48. Let f be x(-22). Suppose -21*d + 11*d + f = 0. Is d a prime number?
True
Let w = 14661 + 42826. Is w composite?
False
Let c(f) = -4*f**2 - 3*f + 16. Let v be c(-5). Let m = v - -53. Is 20*(-6)/m*8754/9 composite?
True
Suppose -19*q - 15*q + 287674 = 0. Is q a composite number?
False
Suppose -5*a + 164 = -3*a. Suppose -42*k = -41*k - 4. Suppose -2*t + 98 = -k*v, -t - 4*v = -a + 3. Is t composite?
False
Let j be ((-16)/24)/(2/(-6)). Suppose 51 = 3*c + 4*r, -2*c - j*r = 2*c - 68. Is (-1900)/(-2) + (-17)/c a composite number?
True
Let x(m) = -1173*m**2 + 17*m + 2. Let w be x(7). Is (w/(-8))/(5/10) a composite number?
True
Is 4 - ((-64)/(-8) - (-4 - -12765)) a prime number?
True
Let d = -68 - -233. Is (d/1)/11 + (-4)/(-1) prime?
True
Suppose 0 = 2*u - 0*u - 2*f - 136, 5*u = -2*f + 312. Let y = u - 57. Suppose y*o = 14*o - 7063. Is o a composite number?
False
Let c(b) = b**3 - 18*b**2 - 17*b - 22. Let l be c(20). Let h = l - -7. Is h prime?
False
Let b(r) = 25*r**2 + 41*r - 6. Let d be (2*68/(-16))/(3/(-6)). Let u be b(d). Suppose 0 = -3*n + 7*n - u. Is n prime?
True
Suppose 14 = 3*p + 5*h - 11, 7 = p + h. Suppose p*w + 5*x - 23200 = 0, w - 6*x - 4634 = -5*x. Is w a composite number?
False
Let t(m) = -m**2 + 12*m - 31. Let c be t(7). Let s(i) = -70*i**3 - c*i - 3 - 3*i**2 - i**2 - i**3. Is s(-2) prime?
True
Suppose -106*v - 210740 = -91*v - 777755. Is v a prime number?
False
Let m(d) = 4*d - 7 - 13*d + 2*d - 4. Let w be m(4). Is (-6)/w + 9850/26 prime?
True
Suppose 23 - 27 = -2*c. Suppose 3*v - 2*s = 12482, v + 4170 = c*v + 4*s. Suppose r - 4*r = 4*t - v, -t + r = -1037. Is t a composite number?
False
Let c(p) be the third derivative of -p**6/120 - p**5/12 - p**4/24 - 2*p**3 + 15*p**2. Let z be c(-17). Sup